{"id":1226,"date":"2014-06-30T15:52:51","date_gmt":"2014-06-30T15:52:51","guid":{"rendered":"http:\/\/hfsucher.kklick.com\/?page_id=1226"},"modified":"2014-07-02T05:43:17","modified_gmt":"2014-07-02T05:43:17","slug":"maker-test","status":"publish","type":"page","link":"http:\/\/hfsucher.kklick.com\/?page_id=1226","title":{"rendered":"Maker Faire Hannover 2013"},"content":{"rendered":"<table style=\"background-color: #eee8aa; width: 550px; height: 200px;\" border=\"0\" cellspacing=\"0\" cellpadding=\"2\">\n<tbody>\n<tr>\n<td style=\"width: 150px; align: center; valign: top;\"><a href=\"http:\/\/hfsucher.kklick.com\/wp-content\/uploads\/2014\/06\/MakerFaire-I5187.jpg\"><img loading=\"lazy\" decoding=\"async\" class=\"aligncenter wp-image-579 size-thumbnail\" src=\"http:\/\/hfsucher.kklick.com\/wp-content\/uploads\/2014\/06\/MakerFaire-I5187-150x150.jpg\" alt=\"MakerFaire-I5187\" width=\"150\" height=\"150\" \/><\/a><\/td>\n<td style=\"width: 300px; text-align: left;\" valign=\"top\"><span style=\"font-family: Arial;\"><span style=\"font-size: 13px;\"><span style=\"color: #0000ff;\">Im August 2013 fand im Hannover Congress Center die Maker Faire in dieser Stadt ab. Es war \u00fcber weite Strecken Rappelvoll und an viele St\u00e4nde kam man kaum heran. <\/span> <span style=\"color: #0000ff;\">Vom Raspberry Pi \u00fcber 3D-Drucker bis zum Roboter stellten junge und \u00e4ltere Maker in der Glashalle und auf dem Freigel\u00e4nde ihre Ideen vor. Einen der H\u00f6hepunkte bildete das Konzert der Roboter.<\/span><\/span><\/span><span style=\"color: #0000ff;\"> <!--  Zellen fuer Leerzeile --><\/span><\/td>\n<\/tr>\n<\/tbody>\n<\/table>\n<p><!--  Ende 1. Zeile                 ................   --><\/p>\n<div id='gallery-1' class='gallery galleryid-1226 gallery-columns-3 gallery-size-thumbnail'><figure class='gallery-item'>\n\t\t\t<div class='gallery-icon landscape'>\n\t\t\t\t<a href='http:\/\/hfsucher.kklick.com\/?attachment_id=607'><img loading=\"lazy\" decoding=\"async\" width=\"150\" height=\"150\" src=\"http:\/\/hfsucher.kklick.com\/wp-content\/uploads\/2014\/06\/MakerFaire-I5194-150x150.jpg\" class=\"attachment-thumbnail size-thumbnail\" alt=\"\" \/><\/a>\n\t\t\t<\/div><\/figure><figure class='gallery-item'>\n\t\t\t<div class='gallery-icon landscape'>\n\t\t\t\t<a href='http:\/\/hfsucher.kklick.com\/?attachment_id=573'><img loading=\"lazy\" decoding=\"async\" width=\"150\" height=\"150\" src=\"http:\/\/hfsucher.kklick.com\/wp-content\/uploads\/2014\/06\/MakerFaire-I5177-150x150.jpg\" class=\"attachment-thumbnail size-thumbnail\" alt=\"\" \/><\/a>\n\t\t\t<\/div><\/figure><figure class='gallery-item'>\n\t\t\t<div class='gallery-icon portrait'>\n\t\t\t\t<a href='http:\/\/hfsucher.kklick.com\/?attachment_id=583'><img loading=\"lazy\" decoding=\"async\" width=\"150\" height=\"150\" src=\"http:\/\/hfsucher.kklick.com\/wp-content\/uploads\/2014\/06\/MakerFaire-I5191-150x150.jpg\" class=\"attachment-thumbnail size-thumbnail\" alt=\"\" \/><\/a>\n\t\t\t<\/div><\/figure>\n\t\t<\/div>\n\n<table style=\"background-color: #eee8aa; width: 550px; height: 150px;\" border=\"0\" cellspacing=\"0\" cellpadding=\"2\">\n<tbody>\n<tr>\n<td style=\"width: 150px; align: middle; valign: top;\">\n<p><figure id=\"attachment_606\" aria-describedby=\"caption-attachment-606\" style=\"width: 150px\" class=\"wp-caption aligncenter\"><a href=\"http:\/\/hfsucher.kklick.com\/wp-content\/uploads\/2014\/06\/MakerFaire-I5192.jpg\"><img loading=\"lazy\" decoding=\"async\" class=\"size-thumbnail wp-image-606\" src=\"http:\/\/hfsucher.kklick.com\/wp-content\/uploads\/2014\/06\/MakerFaire-I5192-150x150.jpg\" alt=\"Der Rekordlaser\" width=\"150\" height=\"150\" \/><\/a><figcaption id=\"caption-attachment-606\" class=\"wp-caption-text\">Der Rekordlaser<\/figcaption><\/figure><\/td>\n<td style=\"width: 300px; valign: top;\"><span style=\"font-family: Arial;\"><span style=\"font-size: 13px;\"><span style=\"color: #0000ff;\">Auch\u00a0Funkamateure sind Maker. Der\u00a0OM im roten Shirt oben links,\u00a0der auf dem Podest geschoben sitzt, hat mit einer Gruppe Funkamateure den Rekord in der Nachrichten\u00fcbertragung mittels Lasertechnik \u00a0(Laser-ATV) mittels Laser in Vollduplex mit 118,4 KM eingestellt. <span style=\"color: #0000ff;\"><span style=\"font-size: 13px;\">Mit\u00a0dem Lasersender unten wurde die Verbindung mit \u00a0dem Brocken und einer Anh\u00f6he n\u00f6rdlich von Eilvese hergestellt. Gl\u00fcckwunsch an Tom &#8211; DL9OBD, Wilfried &#8211; DJ1WF, Fredi &#8211; DD0DR, Horst &#8211; DK3BM, Uwe &#8211; DB4QM und Werner &#8211; DG1YHC\u00a0zu dieser Leistung!<\/span><\/span><\/span> <\/span><\/span><\/td>\n<\/tr>\n<\/tbody>\n<\/table>\n<p><!-- Ende Amateurfunk                                         --><\/p>\n<p>&nbsp;<\/p>\n<p>Die Oktokopter fanden reges Interesse.<\/p>\n<div id='gallery-2' class='gallery galleryid-1226 gallery-columns-3 gallery-size-thumbnail'><figure class='gallery-item'>\n\t\t\t<div class='gallery-icon landscape'>\n\t\t\t\t<a href='http:\/\/hfsucher.kklick.com\/?attachment_id=578'><img loading=\"lazy\" decoding=\"async\" width=\"150\" height=\"150\" src=\"http:\/\/hfsucher.kklick.com\/wp-content\/uploads\/2014\/06\/MakerFaire-I5186-150x150.jpg\" class=\"attachment-thumbnail size-thumbnail\" alt=\"\" aria-describedby=\"gallery-2-578\" \/><\/a>\n\t\t\t<\/div>\n\t\t\t\t<figcaption class='wp-caption-text gallery-caption' id='gallery-2-578'>\n\t\t\t\tDas kann fliegen?\n\t\t\t\t<\/figcaption><\/figure><figure class='gallery-item'>\n\t\t\t<div class='gallery-icon landscape'>\n\t\t\t\t<a href='http:\/\/hfsucher.kklick.com\/?attachment_id=614'><img loading=\"lazy\" decoding=\"async\" width=\"150\" height=\"150\" src=\"http:\/\/hfsucher.kklick.com\/wp-content\/uploads\/2014\/06\/MakerFaire-I5205-150x150.jpg\" class=\"attachment-thumbnail size-thumbnail\" alt=\"\" aria-describedby=\"gallery-2-614\" \/><\/a>\n\t\t\t<\/div>\n\t\t\t\t<figcaption class='wp-caption-text gallery-caption' id='gallery-2-614'>\n\t\t\t\tWo ist er nur?\n\t\t\t\t<\/figcaption><\/figure><figure class='gallery-item'>\n\t\t\t<div class='gallery-icon landscape'>\n\t\t\t\t<a href='http:\/\/hfsucher.kklick.com\/?attachment_id=610'><img loading=\"lazy\" decoding=\"async\" width=\"150\" height=\"150\" src=\"http:\/\/hfsucher.kklick.com\/wp-content\/uploads\/2014\/06\/MakerFaire-I5198-150x150.jpg\" class=\"attachment-thumbnail size-thumbnail\" alt=\"\" aria-describedby=\"gallery-2-610\" \/><\/a>\n\t\t\t<\/div>\n\t\t\t\t<figcaption class='wp-caption-text gallery-caption' id='gallery-2-610'>\n\t\t\t\tGespanntes Warten\n\t\t\t\t<\/figcaption><\/figure><figure class='gallery-item'>\n\t\t\t<div class='gallery-icon landscape'>\n\t\t\t\t<a href='http:\/\/hfsucher.kklick.com\/?attachment_id=611'><img loading=\"lazy\" decoding=\"async\" width=\"150\" height=\"150\" src=\"http:\/\/hfsucher.kklick.com\/wp-content\/uploads\/2014\/06\/MakerFaire-I5199-150x150.jpg\" class=\"attachment-thumbnail size-thumbnail\" alt=\"\" aria-describedby=\"gallery-2-611\" \/><\/a>\n\t\t\t<\/div>\n\t\t\t\t<figcaption class='wp-caption-text gallery-caption' id='gallery-2-611'>\n\t\t\t\tEndlich zur\u00fcck ..\n\t\t\t\t<\/figcaption><\/figure><figure class='gallery-item'>\n\t\t\t<div class='gallery-icon landscape'>\n\t\t\t\t<a href='http:\/\/hfsucher.kklick.com\/?attachment_id=613'><img loading=\"lazy\" decoding=\"async\" width=\"150\" height=\"150\" src=\"http:\/\/hfsucher.kklick.com\/wp-content\/uploads\/2014\/06\/MakerFaire-I5204-150x150.jpg\" class=\"attachment-thumbnail size-thumbnail\" alt=\"\" aria-describedby=\"gallery-2-613\" \/><\/a>\n\t\t\t<\/div>\n\t\t\t\t<figcaption class='wp-caption-text gallery-caption' id='gallery-2-613'>\n\t\t\t\tIm Landeanflug\n\t\t\t\t<\/figcaption><\/figure><figure class='gallery-item'>\n\t\t\t<div class='gallery-icon landscape'>\n\t\t\t\t<a href='http:\/\/hfsucher.kklick.com\/?attachment_id=615'><img loading=\"lazy\" decoding=\"async\" width=\"150\" height=\"150\" src=\"http:\/\/hfsucher.kklick.com\/wp-content\/uploads\/2014\/06\/MakerFaire-I5206-150x150.jpg\" class=\"attachment-thumbnail size-thumbnail\" alt=\"\" aria-describedby=\"gallery-2-615\" \/><\/a>\n\t\t\t<\/div>\n\t\t\t\t<figcaption class='wp-caption-text gallery-caption' id='gallery-2-615'>\n\t\t\t\tHeil gelandet\n\t\t\t\t<\/figcaption><\/figure>\n\t\t<\/div>\n\n<p><span style=\"color: #0000ff;\">Hier wir ein Braunkohlebagger installiert &#8230;<\/span><\/p>\n<div id='gallery-3' class='gallery galleryid-1226 gallery-columns-3 gallery-size-thumbnail'><figure class='gallery-item'>\n\t\t\t<div class='gallery-icon portrait'>\n\t\t\t\t<a href='http:\/\/hfsucher.kklick.com\/?attachment_id=582'><img loading=\"lazy\" decoding=\"async\" width=\"150\" height=\"150\" src=\"http:\/\/hfsucher.kklick.com\/wp-content\/uploads\/2014\/06\/MakerFaireI5190-150x150.jpg\" class=\"attachment-thumbnail size-thumbnail\" alt=\"\" aria-describedby=\"gallery-3-582\" \/><\/a>\n\t\t\t<\/div>\n\t\t\t\t<figcaption class='wp-caption-text gallery-caption' id='gallery-3-582'>\n\t\t\t\tLetzte Handgriffe\n\t\t\t\t<\/figcaption><\/figure><figure class='gallery-item'>\n\t\t\t<div class='gallery-icon landscape'>\n\t\t\t\t<a href='http:\/\/hfsucher.kklick.com\/?attachment_id=580'><img loading=\"lazy\" decoding=\"async\" width=\"150\" height=\"150\" src=\"http:\/\/hfsucher.kklick.com\/wp-content\/uploads\/2014\/06\/MakerFaire-I5188-150x150.jpg\" class=\"attachment-thumbnail size-thumbnail\" alt=\"\" aria-describedby=\"gallery-3-580\" \/><\/a>\n\t\t\t<\/div>\n\t\t\t\t<figcaption class='wp-caption-text gallery-caption' id='gallery-3-580'>\n\t\t\t\tEndlich fertig &#8230;\n\t\t\t\t<\/figcaption><\/figure><figure class='gallery-item'>\n\t\t\t<div class='gallery-icon portrait'>\n\t\t\t\t<a href='http:\/\/hfsucher.kklick.com\/?attachment_id=581'><img loading=\"lazy\" decoding=\"async\" width=\"150\" height=\"150\" src=\"http:\/\/hfsucher.kklick.com\/wp-content\/uploads\/2014\/06\/MakerFaire-I5189-150x150.jpg\" class=\"attachment-thumbnail size-thumbnail\" alt=\"\" aria-describedby=\"gallery-3-581\" \/><\/a>\n\t\t\t<\/div>\n\t\t\t\t<figcaption class='wp-caption-text gallery-caption' id='gallery-3-581'>\n\t\t\t\tStaunende Gesichter\n\t\t\t\t<\/figcaption><\/figure>\n\t\t<\/div>\n\n<p><span style=\"color: #0000ff;\">Alles ist in Bewegung &#8230;<\/span><\/p>\n<div id='gallery-4' class='gallery galleryid-1226 gallery-columns-3 gallery-size-thumbnail'><figure class='gallery-item'>\n\t\t\t<div class='gallery-icon landscape'>\n\t\t\t\t<a href='http:\/\/hfsucher.kklick.com\/?attachment_id=575'><img loading=\"lazy\" decoding=\"async\" width=\"150\" height=\"150\" src=\"http:\/\/hfsucher.kklick.com\/wp-content\/uploads\/2014\/06\/MakerFaire-I5180-150x150.jpg\" class=\"attachment-thumbnail size-thumbnail\" alt=\"\" \/><\/a>\n\t\t\t<\/div><\/figure><figure class='gallery-item'>\n\t\t\t<div class='gallery-icon landscape'>\n\t\t\t\t<a href='http:\/\/hfsucher.kklick.com\/?attachment_id=577'><img loading=\"lazy\" decoding=\"async\" width=\"150\" height=\"150\" src=\"http:\/\/hfsucher.kklick.com\/wp-content\/uploads\/2014\/06\/MakerFaire-I5184-150x150.jpg\" class=\"attachment-thumbnail size-thumbnail\" alt=\"\" aria-describedby=\"gallery-4-577\" \/><\/a>\n\t\t\t<\/div>\n\t\t\t\t<figcaption class='wp-caption-text gallery-caption' id='gallery-4-577'>\n\t\t\t\tAus dem Weg &#8230;\n\t\t\t\t<\/figcaption><\/figure><figure class='gallery-item'>\n\t\t\t<div class='gallery-icon landscape'>\n\t\t\t\t<a href='http:\/\/hfsucher.kklick.com\/?attachment_id=574'><img loading=\"lazy\" decoding=\"async\" width=\"150\" height=\"150\" src=\"http:\/\/hfsucher.kklick.com\/wp-content\/uploads\/2014\/06\/MakerFaire-I5179-150x150.jpg\" class=\"attachment-thumbnail size-thumbnail\" alt=\"\" \/><\/a>\n\t\t\t<\/div><\/figure><figure class='gallery-item'>\n\t\t\t<div class='gallery-icon landscape'>\n\t\t\t\t<a href='http:\/\/hfsucher.kklick.com\/?attachment_id=609'><img loading=\"lazy\" decoding=\"async\" width=\"150\" height=\"150\" src=\"http:\/\/hfsucher.kklick.com\/wp-content\/uploads\/2014\/06\/MakerFaire-I5196-150x150.jpg\" class=\"attachment-thumbnail size-thumbnail\" alt=\"\" aria-describedby=\"gallery-4-609\" \/><\/a>\n\t\t\t<\/div>\n\t\t\t\t<figcaption class='wp-caption-text gallery-caption' id='gallery-4-609'>\n\t\t\t\tMit Musik geht alles besser\n\t\t\t\t<\/figcaption><\/figure><figure class='gallery-item'>\n\t\t\t<div class='gallery-icon landscape'>\n\t\t\t\t<a href='http:\/\/hfsucher.kklick.com\/?attachment_id=576'><img loading=\"lazy\" decoding=\"async\" width=\"150\" height=\"150\" src=\"http:\/\/hfsucher.kklick.com\/wp-content\/uploads\/2014\/06\/MakerFaire-I5181-150x150.jpg\" class=\"attachment-thumbnail size-thumbnail\" alt=\"\" \/><\/a>\n\t\t\t<\/div><\/figure><figure class='gallery-item'>\n\t\t\t<div class='gallery-icon portrait'>\n\t\t\t\t<a href='http:\/\/hfsucher.kklick.com\/?attachment_id=612'><img loading=\"lazy\" decoding=\"async\" width=\"150\" height=\"150\" src=\"http:\/\/hfsucher.kklick.com\/wp-content\/uploads\/2014\/06\/MakerFaire-I5203-150x150.jpg\" class=\"attachment-thumbnail size-thumbnail\" alt=\"\" aria-describedby=\"gallery-4-612\" \/><\/a>\n\t\t\t<\/div>\n\t\t\t\t<figcaption class='wp-caption-text gallery-caption' id='gallery-4-612'>\n\t\t\t\tDie n\u00e4chste K\u00fcchenhilfe?\n\t\t\t\t<\/figcaption><\/figure>\n\t\t<\/div>\n\n<h4 style=\"text-align: center;\"><span style=\"color: #0000ff;\">Das waren nur ein paar Eindr\u00fccke. <\/span><span style=\"color: #0000ff;\">Schaut Euch doch selbst mal um, auf der Maker Faire 2014 &#8211; Hannover Congress Centrum am 5. und 6. Juli. <\/span><span style=\"color: #0000ff;\">Wir freuen uns auf Euch!<\/span><\/h4>\n<p><!--    Waas ist hier los ? --><\/p>\n<p><!--  --><!--  <!-- Disclaimer --><br \/>\n<!--  --><\/p>\n<p><!--  Zellen fuer Disclaimer --><br \/>\n<!--  --><br \/>\n<!--  --><\/p>\n<table style=\"color: #0000ff;\" border=\"0\" width=\"510\" cellspacing=\"0\" cellpadding=\"2\" bgcolor=\"#0ce0c0\">\n<tbody>\n<tr>\n<td style=\"text-align: center; color: #000000;\" align=\"middle\" valign=\"Center\" width=\"170\"><span style=\"font-size: 12px;\"> <strong><span style=\"color: #3366ff;\"><a title=\"Disclaimer\" href=\"http:\/\/hfsucher.kklick.com\/?page_id=132\"><span style=\"color: #3366ff;\">Disclaimer<\/span><\/a><\/span><\/strong><br \/>\n<\/span><\/td>\n<td style=\"text-align: center; color: #000000;\" align=\"middle\" valign=\"Center\" width=\"170\"><a title=\"Start\" href=\"http:\/\/hfsucher.kklick.com\/\"><strong><span style=\"color: #0000ff;\"><span style=\"font-size: 12px;\">Start<\/span><\/span><\/strong><\/a><\/td>\n<td style=\"text-align: center; color: #000000;\" align=\"middle\" valign=\"Center\" width=\"170\"><span style=\"font-size: 12px;\"><a title=\"Interessantes\" href=\"http:\/\/hfsucher.kklick.com\/?page_id=569\"> <strong><span style=\"color: #0000ff;\">Zur\u00fcck<\/span><\/strong><\/a><br \/>\n<\/span><\/td>\n<\/tr>\n<\/tbody>\n<\/table>\n","protected":false},"excerpt":{"rendered":"<p>Im August 2013 fand im Hannover Congress Center die Maker Faire in dieser Stadt ab. Es war \u00fcber weite Strecken Rappelvoll und an viele St\u00e4nde kam man kaum heran. Vom Raspberry Pi \u00fcber 3D-Drucker bis zum Roboter stellten junge und \u00e4ltere Maker in der Glashalle und auf dem Freigel\u00e4nde ihre Ideen vor. Einen der H\u00f6hepunkte &hellip; <a href=\"http:\/\/hfsucher.kklick.com\/?page_id=1226\" class=\"more-link\"><span class=\"screen-reader-text\">Maker Faire Hannover 2013<\/span> weiterlesen <span class=\"meta-nav\">&rarr;<\/span><\/a><\/p>\n","protected":false},"author":1,"featured_media":580,"parent":569,"menu_order":3,"comment_status":"open","ping_status":"closed","template":"","meta":{"footnotes":""},"class_list":["post-1226","page","type-page","status-publish","has-post-thumbnail","hentry"],"_links":{"self":[{"href":"http:\/\/hfsucher.kklick.com\/index.php?rest_route=\/wp\/v2\/pages\/1226","targetHints":{"allow":["GET"]}}],"collection":[{"href":"http:\/\/hfsucher.kklick.com\/index.php?rest_route=\/wp\/v2\/pages"}],"about":[{"href":"http:\/\/hfsucher.kklick.com\/index.php?rest_route=\/wp\/v2\/types\/page"}],"author":[{"embeddable":true,"href":"http:\/\/hfsucher.kklick.com\/index.php?rest_route=\/wp\/v2\/users\/1"}],"replies":[{"embeddable":true,"href":"http:\/\/hfsucher.kklick.com\/index.php?rest_route=%2Fwp%2Fv2%2Fcomments&post=1226"}],"version-history":[{"count":33,"href":"http:\/\/hfsucher.kklick.com\/index.php?rest_route=\/wp\/v2\/pages\/1226\/revisions"}],"predecessor-version":[{"id":1335,"href":"http:\/\/hfsucher.kklick.com\/index.php?rest_route=\/wp\/v2\/pages\/1226\/revisions\/1335"}],"up":[{"embeddable":true,"href":"http:\/\/hfsucher.kklick.com\/index.php?rest_route=\/wp\/v2\/pages\/569"}],"wp:featuredmedia":[{"embeddable":true,"href":"http:\/\/hfsucher.kklick.com\/index.php?rest_route=\/wp\/v2\/media\/580"}],"wp:attachment":[{"href":"http:\/\/hfsucher.kklick.com\/index.php?rest_route=%2Fwp%2Fv2%2Fmedia&parent=1226"}],"curies":[{"name":"wp","href":"https:\/\/api.w.org\/{rel}","templated":true}]}}