{"id":1409,"date":"2014-07-02T14:12:33","date_gmt":"2014-07-02T14:12:33","guid":{"rendered":"http:\/\/hfsucher.kklick.com\/?page_id=1409"},"modified":"2014-07-02T22:28:28","modified_gmt":"2014-07-02T22:28:28","slug":"schoene-ansichten","status":"publish","type":"page","link":"http:\/\/hfsucher.kklick.com\/?page_id=1409","title":{"rendered":"Sch\u00f6ne Ansichten"},"content":{"rendered":"<h4 style=\"text-align: center;\"><!--  --><!--  Zellen fuer Leerzeile --><!--  --><\/h4>\n<table style=\"color: #000000;\" border=\"0\" width=\"600\" cellspacing=\"0\" cellpadding=\"2\" bgcolor=\"#eee8aa\">\n<tbody>\n<tr><!--  <!--  --><!--  --><!--  --><\/p>\n<td style=\"text-align: center; color: #000000;\" valign=\"top\" bgcolor=\"#eee8aa\" height=\"480\">\n<h6><span style=\"color: #3366ff;\">Sophienschule Hannover<\/span><\/h6>\n<div id='gallery-1' class='gallery galleryid-1409 gallery-columns-3 gallery-size-thumbnail'><figure class='gallery-item'>\n\t\t\t<div class='gallery-icon portrait'>\n\t\t\t\t<a href='http:\/\/hfsucher.kklick.com\/?attachment_id=1407'><img loading=\"lazy\" decoding=\"async\" width=\"150\" height=\"150\" src=\"http:\/\/hfsucher.kklick.com\/wp-content\/uploads\/2014\/07\/I0659-Sophienschule-150x150.jpg\" class=\"attachment-thumbnail size-thumbnail\" alt=\"\" aria-describedby=\"gallery-1-1407\" \/><\/a>\n\t\t\t<\/div>\n\t\t\t\t<figcaption class='wp-caption-text gallery-caption' id='gallery-1-1407'>\n\t\t\t\tEingang Sophienschule\n\t\t\t\t<\/figcaption><\/figure><figure class='gallery-item'>\n\t\t\t<div class='gallery-icon landscape'>\n\t\t\t\t<a href='http:\/\/hfsucher.kklick.com\/?attachment_id=1406'><img loading=\"lazy\" decoding=\"async\" width=\"150\" height=\"150\" src=\"http:\/\/hfsucher.kklick.com\/wp-content\/uploads\/2014\/07\/I0658B-Sophienschule-150x150.jpg\" class=\"attachment-thumbnail size-thumbnail\" alt=\"\" aria-describedby=\"gallery-1-1406\" \/><\/a>\n\t\t\t<\/div>\n\t\t\t\t<figcaption class='wp-caption-text gallery-caption' id='gallery-1-1406'>\n\t\t\t\tSohienschule\n\t\t\t\t<\/figcaption><\/figure><figure class='gallery-item'>\n\t\t\t<div class='gallery-icon portrait'>\n\t\t\t\t<a href='http:\/\/hfsucher.kklick.com\/?attachment_id=1405'><img loading=\"lazy\" decoding=\"async\" width=\"150\" height=\"150\" src=\"http:\/\/hfsucher.kklick.com\/wp-content\/uploads\/2014\/07\/I0657B-Sophienschule-150x150.jpg\" class=\"attachment-thumbnail size-thumbnail\" alt=\"\" \/><\/a>\n\t\t\t<\/div><\/figure>\n\t\t<\/div>\n\n<p style=\"text-align: left;\"><span style=\"color: #0000ff;\">Die Sophienschule ist ein Gymnasium\u00a0im Stadtteil Zoo. Das Geb\u00e4ude steht unter Denkmalschutz. Mir fiel im vorbei fahren die sch\u00f6ne Fassade auf.<br \/>\n<\/span><\/p>\n<table style=\"color: #000000;\" border=\"0\" width=\"600\" cellspacing=\"0\" cellpadding=\"2\" bgcolor=\"#eee8aa\">\n<tbody>\n<tr>\n<td style=\"text-align: center; color: #000000;\" valign=\"center\" bgcolor=\"#eee8aa\" height=\"25\"><strong><a title=\"Splitter\" href=\"http:\/\/hfsucher.kklick.com\/?page_id=1261\">Zur\u00fcck zu Splitter<\/a>\u00a0\u00a0 oder\u00a0\u00a0 <a title=\"Bauwerke\" href=\"http:\/\/hfsucher.kklick.com\/?page_id=817\">zu Bauwerke<\/a><\/strong><\/td>\n<\/tr>\n<\/tbody>\n<\/table>\n<p><!--  <!--  --><!--  --><!--  --><\/p>\n<hr \/>\n<p>.<\/td>\n<\/tr>\n<\/tbody>\n<\/table>\n<p><!--  --> <!--  Zellen fuer Disclaimer --><br \/>\n<!--  Zellen fuer Disclaimer --><br \/>\n<!--  --><br \/>\n<!--  --><\/p>\n<table style=\"color: #0000ff;\" border=\"0\" width=\"510\" cellspacing=\"0\" cellpadding=\"2\" bgcolor=\"#0ce0c0\">\n<tbody>\n<tr>\n<td style=\"text-align: center; color: #000000;\" align=\"middle\" valign=\"Center\" width=\"170\"><span style=\"font-size: 12px;\"> <strong><span style=\"color: #3366ff;\"><a title=\"Disclaimer\" href=\"http:\/\/hfsucher.kklick.com\/?page_id=132\"><span style=\"color: #3366ff;\">Disclaimer<\/span><\/a><\/span><\/strong><br \/>\n<\/span><\/td>\n<td style=\"text-align: center; color: #000000;\" align=\"middle\" valign=\"Center\" width=\"170\"><a title=\"Start\" href=\"http:\/\/hfsucher.kklick.com\/\"><strong><span style=\"color: #0000ff;\"><span style=\"font-size: 12px;\">Start<\/span><\/span><\/strong><\/a><\/td>\n<td style=\"text-align: center; color: #000000;\" align=\"middle\" valign=\"Center\" width=\"170\"><span style=\"font-size: 12px;\"><a title=\"Splitter\" href=\"http:\/\/hfsucher.kklick.com\/?page_id=1261\"> <strong><span style=\"color: #0000ff;\">Zur\u00fcck<\/span><\/strong><\/a><br \/>\n<\/span><\/td>\n<\/tr>\n<\/tbody>\n<\/table>\n","protected":false},"excerpt":{"rendered":"<p>Sophienschule Hannover Die Sophienschule ist ein Gymnasium\u00a0im Stadtteil Zoo. Das Geb\u00e4ude steht unter Denkmalschutz. Mir fiel im vorbei fahren die sch\u00f6ne Fassade auf. Zur\u00fcck zu Splitter\u00a0\u00a0 oder\u00a0\u00a0 zu Bauwerke . Disclaimer Start Zur\u00fcck<\/p>\n","protected":false},"author":1,"featured_media":0,"parent":0,"menu_order":0,"comment_status":"closed","ping_status":"closed","template":"","meta":{"footnotes":""},"class_list":["post-1409","page","type-page","status-publish","hentry"],"_links":{"self":[{"href":"http:\/\/hfsucher.kklick.com\/index.php?rest_route=\/wp\/v2\/pages\/1409","targetHints":{"allow":["GET"]}}],"collection":[{"href":"http:\/\/hfsucher.kklick.com\/index.php?rest_route=\/wp\/v2\/pages"}],"about":[{"href":"http:\/\/hfsucher.kklick.com\/index.php?rest_route=\/wp\/v2\/types\/page"}],"author":[{"embeddable":true,"href":"http:\/\/hfsucher.kklick.com\/index.php?rest_route=\/wp\/v2\/users\/1"}],"replies":[{"embeddable":true,"href":"http:\/\/hfsucher.kklick.com\/index.php?rest_route=%2Fwp%2Fv2%2Fcomments&post=1409"}],"version-history":[{"count":6,"href":"http:\/\/hfsucher.kklick.com\/index.php?rest_route=\/wp\/v2\/pages\/1409\/revisions"}],"predecessor-version":[{"id":1425,"href":"http:\/\/hfsucher.kklick.com\/index.php?rest_route=\/wp\/v2\/pages\/1409\/revisions\/1425"}],"wp:attachment":[{"href":"http:\/\/hfsucher.kklick.com\/index.php?rest_route=%2Fwp%2Fv2%2Fmedia&parent=1409"}],"curies":[{"name":"wp","href":"https:\/\/api.w.org\/{rel}","templated":true}]}}