{"id":2453,"date":"2014-08-04T14:58:39","date_gmt":"2014-08-04T14:58:39","guid":{"rendered":"http:\/\/hfsucher.kklick.com\/?page_id=2453"},"modified":"2014-08-04T15:05:44","modified_gmt":"2014-08-04T15:05:44","slug":"besuch-beim-herkules","status":"publish","type":"page","link":"http:\/\/hfsucher.kklick.com\/?page_id=2453","title":{"rendered":"Besuch beim Herkules"},"content":{"rendered":"<p><a name=\"Top2453\"><\/a><\/p>\n<h4 style=\"text-align: center;\"><span style=\"color: #0000ff;\">Der Herkules von Kassel<\/span><\/h4>\n<h6 style=\"text-align: center;\"><span style=\"color: #0000ff;\">Ein Besuch im Regen &#8230;.<\/span><\/h6>\n<figure id=\"attachment_2432\" aria-describedby=\"caption-attachment-2432\" style=\"width: 760px\" class=\"wp-caption alignnone\"><img loading=\"lazy\" decoding=\"async\" class=\"wp-image-2432 size-full\" src=\"http:\/\/hfsucher.kklick.com\/wp-content\/uploads\/2014\/08\/080414_1225_BesuchbeiHe14.jpg\" alt=\"080414_1225_BesuchbeiHe1.jpg\" width=\"760\" height=\"1010\" srcset=\"http:\/\/hfsucher.kklick.com\/wp-content\/uploads\/2014\/08\/080414_1225_BesuchbeiHe14.jpg 760w, http:\/\/hfsucher.kklick.com\/wp-content\/uploads\/2014\/08\/080414_1225_BesuchbeiHe14-225x300.jpg 225w\" sizes=\"auto, (max-width: 760px) 100vw, 760px\" \/><figcaption id=\"caption-attachment-2432\" class=\"wp-caption-text\">Weit ist der Weg &#8230;<\/figcaption><\/figure>\n<figure id=\"attachment_2433\" aria-describedby=\"caption-attachment-2433\" style=\"width: 760px\" class=\"wp-caption alignnone\"><img loading=\"lazy\" decoding=\"async\" class=\"wp-image-2433 size-full\" src=\"http:\/\/hfsucher.kklick.com\/wp-content\/uploads\/2014\/08\/080414_1225_BesuchbeiHe23.jpg\" alt=\"080414_1225_BesuchbeiHe2.jpg\" width=\"760\" height=\"1011\" srcset=\"http:\/\/hfsucher.kklick.com\/wp-content\/uploads\/2014\/08\/080414_1225_BesuchbeiHe23.jpg 760w, http:\/\/hfsucher.kklick.com\/wp-content\/uploads\/2014\/08\/080414_1225_BesuchbeiHe23-225x300.jpg 225w\" sizes=\"auto, (max-width: 760px) 100vw, 760px\" \/><figcaption id=\"caption-attachment-2433\" class=\"wp-caption-text\">Das &#8222;Riesenschloss&#8220; mit Herkules.<\/figcaption><\/figure>\n<figure id=\"attachment_2445\" aria-describedby=\"caption-attachment-2445\" style=\"width: 768px\" class=\"wp-caption alignnone\"><img loading=\"lazy\" decoding=\"async\" class=\"wp-image-2445 size-full\" src=\"http:\/\/hfsucher.kklick.com\/wp-content\/uploads\/2014\/08\/I6161-Kassel-Herkules.jpg\" alt=\"I6161-Kassel-Herkules\" width=\"768\" height=\"1024\" srcset=\"http:\/\/hfsucher.kklick.com\/wp-content\/uploads\/2014\/08\/I6161-Kassel-Herkules.jpg 768w, http:\/\/hfsucher.kklick.com\/wp-content\/uploads\/2014\/08\/I6161-Kassel-Herkules-225x300.jpg 225w\" sizes=\"auto, (max-width: 768px) 100vw, 768px\" \/><figcaption id=\"caption-attachment-2445\" class=\"wp-caption-text\">Imposante Erscheinung.<\/figcaption><\/figure>\n<figure id=\"attachment_2446\" aria-describedby=\"caption-attachment-2446\" style=\"width: 768px\" class=\"wp-caption aligncenter\"><img loading=\"lazy\" decoding=\"async\" class=\"wp-image-2446 size-full\" src=\"http:\/\/hfsucher.kklick.com\/wp-content\/uploads\/2014\/08\/I6171-Kassel-Herkules.jpg\" alt=\"I6171-Kassel-Herkules\" width=\"768\" height=\"1024\" srcset=\"http:\/\/hfsucher.kklick.com\/wp-content\/uploads\/2014\/08\/I6171-Kassel-Herkules.jpg 768w, http:\/\/hfsucher.kklick.com\/wp-content\/uploads\/2014\/08\/I6171-Kassel-Herkules-225x300.jpg 225w\" sizes=\"auto, (max-width: 768px) 100vw, 768px\" \/><figcaption id=\"caption-attachment-2446\" class=\"wp-caption-text\">Leider ist er einger\u00fcstet.<\/figcaption><\/figure>\n<figure id=\"attachment_2447\" aria-describedby=\"caption-attachment-2447\" style=\"width: 650px\" class=\"wp-caption aligncenter\"><img loading=\"lazy\" decoding=\"async\" class=\"wp-image-2447 size-full\" src=\"http:\/\/hfsucher.kklick.com\/wp-content\/uploads\/2014\/08\/I6164-Kassel-Herkules-e1407163048306.jpg\" alt=\"I6164-Kassel-Herkules\" width=\"650\" height=\"703\" \/><figcaption id=\"caption-attachment-2447\" class=\"wp-caption-text\">Warten auf das Wasser<\/figcaption><\/figure>\n<figure id=\"attachment_2434\" aria-describedby=\"caption-attachment-2434\" style=\"width: 760px\" class=\"wp-caption alignnone\"><img loading=\"lazy\" decoding=\"async\" class=\"wp-image-2434 size-full\" src=\"http:\/\/hfsucher.kklick.com\/wp-content\/uploads\/2014\/08\/080414_1225_BesuchbeiHe31.jpg\" alt=\"080414_1225_BesuchbeiHe3.jpg\" width=\"760\" height=\"569\" srcset=\"http:\/\/hfsucher.kklick.com\/wp-content\/uploads\/2014\/08\/080414_1225_BesuchbeiHe31.jpg 760w, http:\/\/hfsucher.kklick.com\/wp-content\/uploads\/2014\/08\/080414_1225_BesuchbeiHe31-300x224.jpg 300w\" sizes=\"auto, (max-width: 760px) 100vw, 760px\" \/><figcaption id=\"caption-attachment-2434\" class=\"wp-caption-text\">Es geht los<\/figcaption><\/figure>\n<figure id=\"attachment_2430\" aria-describedby=\"caption-attachment-2430\" style=\"width: 788px\" class=\"wp-caption alignnone\"><img loading=\"lazy\" decoding=\"async\" class=\"wp-image-2430 size-full\" src=\"http:\/\/hfsucher.kklick.com\/wp-content\/uploads\/2014\/08\/080414_1225_BesuchbeiHe5.jpg\" alt=\"080414_1225_BesuchbeiHe5.jpg\" width=\"788\" height=\"1049\" srcset=\"http:\/\/hfsucher.kklick.com\/wp-content\/uploads\/2014\/08\/080414_1225_BesuchbeiHe5.jpg 788w, http:\/\/hfsucher.kklick.com\/wp-content\/uploads\/2014\/08\/080414_1225_BesuchbeiHe5-225x300.jpg 225w, http:\/\/hfsucher.kklick.com\/wp-content\/uploads\/2014\/08\/080414_1225_BesuchbeiHe5-769x1024.jpg 769w\" sizes=\"auto, (max-width: 788px) 100vw, 788px\" \/><figcaption id=\"caption-attachment-2430\" class=\"wp-caption-text\">Dort im Schloss Wilhelmsh\u00f6he soll das Wasser ankommen.<\/figcaption><\/figure>\n<p>&nbsp;<\/p>\n<figure id=\"attachment_2436\" aria-describedby=\"caption-attachment-2436\" style=\"width: 474px\" class=\"wp-caption aligncenter\"><img loading=\"lazy\" decoding=\"async\" class=\"wp-image-2436 size-large\" src=\"http:\/\/hfsucher.kklick.com\/wp-content\/uploads\/2014\/08\/080414_1225_BesuchbeiHe51-769x1024.jpg\" alt=\"080414_1225_BesuchbeiHe5.jpg\" width=\"474\" height=\"631\" srcset=\"http:\/\/hfsucher.kklick.com\/wp-content\/uploads\/2014\/08\/080414_1225_BesuchbeiHe51-769x1024.jpg 769w, http:\/\/hfsucher.kklick.com\/wp-content\/uploads\/2014\/08\/080414_1225_BesuchbeiHe51-225x300.jpg 225w, http:\/\/hfsucher.kklick.com\/wp-content\/uploads\/2014\/08\/080414_1225_BesuchbeiHe51.jpg 788w\" sizes=\"auto, (max-width: 474px) 100vw, 474px\" \/><figcaption id=\"caption-attachment-2436\" class=\"wp-caption-text\">In etwa 30 Minuten wird das Wasser dort unten sein. Weiter hinten Schloss Wilhelmsh\u00f6he.<\/figcaption><\/figure>\n<figure id=\"attachment_2450\" aria-describedby=\"caption-attachment-2450\" style=\"width: 700px\" class=\"wp-caption aligncenter\"><img loading=\"lazy\" decoding=\"async\" class=\"wp-image-2450 size-full\" src=\"http:\/\/hfsucher.kklick.com\/wp-content\/uploads\/2014\/08\/I6162-Kassel-Herkules-e1407163878904.jpg\" alt=\"I6162-Kassel-Herkules\" width=\"700\" height=\"525\" \/><figcaption id=\"caption-attachment-2450\" class=\"wp-caption-text\">Bad Wilhelmsh\u00f6he verschwindet langsam im Dunst.<\/figcaption><\/figure>\n<p>Leider war der Schloss Wilhelmsh\u00f6he kaum noch zu erkennen, die Font\u00e4ne konnten wir daher nicht sehen. Aber wir kommen wieder&#8230;.<\/p>\n<p><a href=\"#Top2453\">Nach Oben <\/a><\/p>\n<p><!--  --><\/p>\n<p><!--  Zellen fuer Disclaimer --><\/p>\n<p><!--  --><\/p>\n<table style=\"color: #0000ff;\" border=\"0\" width=\"510\" cellspacing=\"0\" cellpadding=\"2\" bgcolor=\"#0ce0c0\">\n<tbody>\n<tr>\n<td style=\"text-align: center; color: #000000;\" align=\"middle\" valign=\"Center\" width=\"170\"><span style=\"font-size: 12px;\"> <strong><span style=\"color: #3366ff;\"><a title=\"Disclaimer\" href=\"http:\/\/hfsucher.kklick.com\/?page_id=132\"><span style=\"color: #3366ff;\">Disclaimer<\/span><\/a><\/span><\/strong> <\/span><\/td>\n<td style=\"text-align: center; color: #000000;\" align=\"middle\" valign=\"Center\" width=\"170\"><a title=\"Start\" href=\"http:\/\/hfsucher.kklick.com\/\"><strong><span style=\"color: #0000ff;\"><span style=\"font-size: 12px;\">Start<\/span><\/span><\/strong><\/a><\/td>\n<td style=\"text-align: center; color: #000000;\" align=\"middle\" valign=\"Center\" width=\"170\"><a title=\"Bauwerke\" href=\"http:\/\/hfsucher.kklick.com\/?page_id=817\"><span style=\"font-size: 12px;\"> <strong><span style=\"color: #0000ff;\">Zur\u00fcck<\/span><\/strong> <\/span><\/a><\/td>\n<\/tr>\n<\/tbody>\n<\/table>\n","protected":false},"excerpt":{"rendered":"<p>Der Herkules von Kassel Ein Besuch im Regen &#8230;. &nbsp; Leider war der Schloss Wilhelmsh\u00f6he kaum noch zu erkennen, die Font\u00e4ne konnten wir daher nicht sehen. Aber wir kommen wieder&#8230;. Nach Oben Disclaimer Start Zur\u00fcck<\/p>\n","protected":false},"author":1,"featured_media":2432,"parent":817,"menu_order":2,"comment_status":"open","ping_status":"closed","template":"","meta":{"footnotes":""},"class_list":["post-2453","page","type-page","status-publish","has-post-thumbnail","hentry"],"_links":{"self":[{"href":"http:\/\/hfsucher.kklick.com\/index.php?rest_route=\/wp\/v2\/pages\/2453","targetHints":{"allow":["GET"]}}],"collection":[{"href":"http:\/\/hfsucher.kklick.com\/index.php?rest_route=\/wp\/v2\/pages"}],"about":[{"href":"http:\/\/hfsucher.kklick.com\/index.php?rest_route=\/wp\/v2\/types\/page"}],"author":[{"embeddable":true,"href":"http:\/\/hfsucher.kklick.com\/index.php?rest_route=\/wp\/v2\/users\/1"}],"replies":[{"embeddable":true,"href":"http:\/\/hfsucher.kklick.com\/index.php?rest_route=%2Fwp%2Fv2%2Fcomments&post=2453"}],"version-history":[{"count":3,"href":"http:\/\/hfsucher.kklick.com\/index.php?rest_route=\/wp\/v2\/pages\/2453\/revisions"}],"predecessor-version":[{"id":2457,"href":"http:\/\/hfsucher.kklick.com\/index.php?rest_route=\/wp\/v2\/pages\/2453\/revisions\/2457"}],"up":[{"embeddable":true,"href":"http:\/\/hfsucher.kklick.com\/index.php?rest_route=\/wp\/v2\/pages\/817"}],"wp:featuredmedia":[{"embeddable":true,"href":"http:\/\/hfsucher.kklick.com\/index.php?rest_route=\/wp\/v2\/media\/2432"}],"wp:attachment":[{"href":"http:\/\/hfsucher.kklick.com\/index.php?rest_route=%2Fwp%2Fv2%2Fmedia&parent=2453"}],"curies":[{"name":"wp","href":"https:\/\/api.w.org\/{rel}","templated":true}]}}