{"id":725,"date":"2014-06-18T23:23:16","date_gmt":"2014-06-18T23:23:16","guid":{"rendered":"http:\/\/hfsucher.kklick.com\/?page_id=725"},"modified":"2014-07-02T11:18:47","modified_gmt":"2014-07-02T11:18:47","slug":"blumen","status":"publish","type":"page","link":"http:\/\/hfsucher.kklick.com\/?page_id=725","title":{"rendered":"Blumen"},"content":{"rendered":"<p><!--  --><!--  Zellen fuer Leerzeile --><!--  --><\/p>\n<table style=\"color: #000000;\" border=\"0\" width=\"600\" cellspacing=\"0\" cellpadding=\"2\" bgcolor=\"#eee8aa\">\n<tbody>\n<tr><!--  <!--  --><!--  --><!--  --><\/p>\n<td style=\"color: #eee8aa;\" valign=\"top\" bgcolor=\"#eee8aa\" height=\"480\">\n<h4 style=\"text-align: left;\"><span style=\"color: #0000ff;\">Blumen<\/span><\/h4>\n<p><span style=\"color: #0000ff; font-size: 12px;\">versch\u00f6nern und bereichern unser Leben. Ich glaube das nur wenige Menschen sich ein Leben ohne Blumen vorstellen k\u00f6nnten. Aber Blumen sind nicht nur die Orchideen, die wir oft m\u00fchsam im Gew\u00e4chshaus hegen und Pflegen. Blumen sind auch die unscheinbaren G\u00e4nseblumen, die Sumpfdottenblume und die Glockenblume am Wegesrand. Hier haben alle\u00a0ihren Platz.<\/span><\/p>\n<table style=\"color: #eee8aa;\" border=\"0\" width=\"600\" cellspacing=\"0\" cellpadding=\"1\">\n<tbody>\n<tr align=\"middle\" valign=\"top\">\n<td width=\"160\"><a title=\"Bl\u00fctenpracht im Garten\" href=\"http:\/\/hfsucher.kklick.com\/?page_id=678\"><img loading=\"lazy\" decoding=\"async\" class=\"alignnone size-thumbnail wp-image-1049\" src=\"http:\/\/hfsucher.kklick.com\/wp-content\/uploads\/2014\/06\/Garten-I50713_10-150x150.jpg\" alt=\"ETNA PLUS\" width=\"150\" height=\"150\" srcset=\"http:\/\/hfsucher.kklick.com\/wp-content\/uploads\/2014\/06\/Garten-I50713_10-150x150.jpg 150w, http:\/\/hfsucher.kklick.com\/wp-content\/uploads\/2014\/06\/Garten-I50713_10-300x300.jpg 300w, http:\/\/hfsucher.kklick.com\/wp-content\/uploads\/2014\/06\/Garten-I50713_10.jpg 600w\" sizes=\"auto, (max-width: 150px) 100vw, 150px\" \/><\/a><\/td>\n<td width=\"160\"><a title=\"Am Wegesrand in Hannover\" href=\"http:\/\/hfsucher.kklick.com\/?page_id=1100\"><img loading=\"lazy\" decoding=\"async\" class=\"alignnone size-thumbnail wp-image-1047\" src=\"http:\/\/hfsucher.kklick.com\/wp-content\/uploads\/2014\/06\/Am-Wege-I2841-150x150.jpg\" alt=\"Am Wege-I2841\" width=\"150\" height=\"150\" srcset=\"http:\/\/hfsucher.kklick.com\/wp-content\/uploads\/2014\/06\/Am-Wege-I2841-150x150.jpg 150w, http:\/\/hfsucher.kklick.com\/wp-content\/uploads\/2014\/06\/Am-Wege-I2841-300x298.jpg 300w, http:\/\/hfsucher.kklick.com\/wp-content\/uploads\/2014\/06\/Am-Wege-I2841.jpg 600w\" sizes=\"auto, (max-width: 150px) 100vw, 150px\" \/><\/a><\/td>\n<td width=\"160\"><a title=\"Orchideenschau im Berggarten\" href=\"http:\/\/hfsucher.kklick.com\/?page_id=1133\"><img loading=\"lazy\" decoding=\"async\" class=\"alignnone size-thumbnail wp-image-1048\" src=\"http:\/\/hfsucher.kklick.com\/wp-content\/uploads\/2014\/06\/Berggarten-I5550-150x150.jpg\" alt=\"Berggarten-I5550\" width=\"150\" height=\"150\" \/><\/a><\/td>\n<\/tr>\n<tr valign=\"top\">\n<td style=\"text-align: center;\"><a title=\"Bl\u00fctenpracht im Garten\" href=\"http:\/\/hfsucher.kklick.com\/?page_id=678\"><span style=\"color: #000080;\">Gartenblumen<\/span><\/a><\/td>\n<td style=\"text-align: center;\"><span style=\"color: #000080;\">Am Wegesrand H<\/span><\/td>\n<td style=\"text-align: center;\"><a title=\"Orchideenschau im Berggarten\" href=\"http:\/\/hfsucher.kklick.com\/?page_id=1133\"><span style=\"color: #000080;\">Berggarten Hannover<\/span><\/a><\/td>\n<p><!--  Die zweite Reihe --><\/tr>\n<tr align=\"middle\" valign=\"top\">\n<td width=\"160\"><a title=\"Am Wegesrand\" href=\"http:\/\/hfsucher.kklick.com\/?page_id=1077\"><img loading=\"lazy\" decoding=\"async\" class=\"aligncenter wp-image-1087 size-thumbnail\" src=\"http:\/\/hfsucher.kklick.com\/wp-content\/uploads\/2014\/06\/I0290-Am-Wegesrand-150x150.jpg\" alt=\"I0290-Am Wegesrand\" width=\"150\" height=\"150\" \/><\/a><\/td>\n<td width=\"160\"><a title=\"Am Wegesrand in Norderstedt\" href=\"http:\/\/hfsucher.kklick.com\/?page_id=1102\"><img loading=\"lazy\" decoding=\"async\" class=\"aligncenter wp-image-1118 size-thumbnail\" src=\"http:\/\/hfsucher.kklick.com\/wp-content\/uploads\/2014\/06\/I5226-Am-Wegesrand-150x150.jpg\" alt=\"I5226-Am Wegesrand\" width=\"150\" height=\"150\" \/><\/a><\/td>\n<td width=\"160\"><a title=\"Am Mittellandkanal\" href=\"http:\/\/hfsucher.kklick.com\/?page_id=1200\"><img loading=\"lazy\" decoding=\"async\" class=\"aligncenter wp-image-1204 size-thumbnail\" src=\"http:\/\/hfsucher.kklick.com\/wp-content\/uploads\/2014\/06\/I2049-Mittellandkanal-M-150x150.jpg\" alt=\"I2049-Mittellandkanal-M\" width=\"150\" height=\"150\" srcset=\"http:\/\/hfsucher.kklick.com\/wp-content\/uploads\/2014\/06\/I2049-Mittellandkanal-M-150x150.jpg 150w, http:\/\/hfsucher.kklick.com\/wp-content\/uploads\/2014\/06\/I2049-Mittellandkanal-M-300x300.jpg 300w, http:\/\/hfsucher.kklick.com\/wp-content\/uploads\/2014\/06\/I2049-Mittellandkanal-M.jpg 600w\" sizes=\"auto, (max-width: 150px) 100vw, 150px\" \/><\/a><\/td>\n<\/tr>\n<tr valign=\"top\">\n<td style=\"text-align: center;\"><a title=\"Am Wegesrand\" href=\"http:\/\/hfsucher.kklick.com\/?page_id=1077\"><span style=\"color: #000080;\">Am Wegesrand Strehla<\/span><\/a><\/td>\n<td style=\"text-align: center;\"><a title=\"Am Wegesrand in Norderstedt\" href=\"http:\/\/hfsucher.kklick.com\/?page_id=1102\"><span style=\"color: #000080;\">Am Wegesrand<br \/>\nin Norderstedt<\/span><\/a><\/td>\n<td style=\"text-align: center;\"><span style=\"color: #000080;\">\u00a0<a title=\"Am Mittellandkanal\" href=\"http:\/\/hfsucher.kklick.com\/?page_id=1200\">Am Mittellandkanal<\/a><\/span><\/td>\n<p><!--  Die n\u00e4chste Reihe ? --><\/tr>\n<\/tbody>\n<\/table>\n<\/td>\n<\/tr>\n<\/tbody>\n<\/table>\n<p><!--  --> <!--  Zellen fuer Disclaimer --><br \/>\n<!-- Disclaimer --><br \/>\n<!--  --><\/p>\n<table style=\"color: #0000ff;\" border=\"0\" width=\"510\" cellspacing=\"0\" cellpadding=\"2\" bgcolor=\"#0ce0c0\">\n<tbody>\n<tr>\n<td style=\"text-align: center; color: #000000;\" align=\"middle\" valign=\"Center\" width=\"170\"><span style=\"font-size: 12px;\"> <strong><span style=\"color: #3366ff;\"><a title=\"Disclaimer\" href=\"http:\/\/hfsucher.kklick.com\/?page_id=132\"><span style=\"color: #3366ff;\">Disclaimer<\/span><\/a><\/span><\/strong><br \/>\n<\/span><\/td>\n<td style=\"text-align: center; color: #000000;\" align=\"middle\" valign=\"Center\" width=\"170\"><a title=\"Start\" href=\"http:\/\/hfsucher.kklick.com\/\"><strong><span style=\"color: #0000ff;\"><span style=\"font-size: 12px;\">Start<\/span><\/span><\/strong><\/a><\/td>\n<td style=\"text-align: center; color: #000000;\" align=\"middle\" valign=\"Center\" width=\"170\"><span style=\"font-size: 12px;\"><a title=\"Start\" href=\"http:\/\/hfsucher.kklick.com\/\"> <strong><span style=\"color: #0000ff;\">Zur\u00fcck<\/span><\/strong><\/a><br \/>\n<\/span><\/td>\n<\/tr>\n<\/tbody>\n<\/table>\n","protected":false},"excerpt":{"rendered":"<p>Blumen versch\u00f6nern und bereichern unser Leben. Ich glaube das nur wenige Menschen sich ein Leben ohne Blumen vorstellen k\u00f6nnten. Aber Blumen sind nicht nur die Orchideen, die wir oft m\u00fchsam im Gew\u00e4chshaus hegen und Pflegen. Blumen sind auch die unscheinbaren G\u00e4nseblumen, die Sumpfdottenblume und die Glockenblume am Wegesrand. Hier haben alle\u00a0ihren Platz. Gartenblumen Am Wegesrand &hellip; <a href=\"http:\/\/hfsucher.kklick.com\/?page_id=725\" class=\"more-link\"><span class=\"screen-reader-text\">Blumen<\/span> weiterlesen <span class=\"meta-nav\">&rarr;<\/span><\/a><\/p>\n","protected":false},"author":1,"featured_media":1043,"parent":98,"menu_order":2,"comment_status":"closed","ping_status":"closed","template":"","meta":{"footnotes":""},"class_list":["post-725","page","type-page","status-publish","has-post-thumbnail","hentry"],"_links":{"self":[{"href":"http:\/\/hfsucher.kklick.com\/index.php?rest_route=\/wp\/v2\/pages\/725","targetHints":{"allow":["GET"]}}],"collection":[{"href":"http:\/\/hfsucher.kklick.com\/index.php?rest_route=\/wp\/v2\/pages"}],"about":[{"href":"http:\/\/hfsucher.kklick.com\/index.php?rest_route=\/wp\/v2\/types\/page"}],"author":[{"embeddable":true,"href":"http:\/\/hfsucher.kklick.com\/index.php?rest_route=\/wp\/v2\/users\/1"}],"replies":[{"embeddable":true,"href":"http:\/\/hfsucher.kklick.com\/index.php?rest_route=%2Fwp%2Fv2%2Fcomments&post=725"}],"version-history":[{"count":26,"href":"http:\/\/hfsucher.kklick.com\/index.php?rest_route=\/wp\/v2\/pages\/725\/revisions"}],"predecessor-version":[{"id":1394,"href":"http:\/\/hfsucher.kklick.com\/index.php?rest_route=\/wp\/v2\/pages\/725\/revisions\/1394"}],"up":[{"embeddable":true,"href":"http:\/\/hfsucher.kklick.com\/index.php?rest_route=\/wp\/v2\/pages\/98"}],"wp:featuredmedia":[{"embeddable":true,"href":"http:\/\/hfsucher.kklick.com\/index.php?rest_route=\/wp\/v2\/media\/1043"}],"wp:attachment":[{"href":"http:\/\/hfsucher.kklick.com\/index.php?rest_route=%2Fwp%2Fv2%2Fmedia&parent=725"}],"curies":[{"name":"wp","href":"https:\/\/api.w.org\/{rel}","templated":true}]}}